{"id":257,"date":"2022-07-23T07:58:28","date_gmt":"2022-07-23T07:58:28","guid":{"rendered":"https:\/\/workingmymind.com\/CatharinaKallio\/?page_id=257"},"modified":"2024-11-22T06:18:40","modified_gmt":"2024-11-22T06:18:40","slug":"kuka-on-vem-ar-catharina-kallio","status":"publish","type":"page","link":"https:\/\/workingmymind.com\/CatharinaKallio\/kuka-on-vem-ar-catharina-kallio\/","title":{"rendered":"Kuka on, vem \u00e4r Catharina Kallio"},"content":{"rendered":"\t\t<div data-elementor-type=\"wp-page\" data-elementor-id=\"257\" class=\"elementor elementor-257\">\n\t\t\t\t\t\t<section class=\"elementor-section elementor-top-section elementor-element elementor-element-2c762a3 elementor-section-full_width elementor-section-height-min-height elementor-section-items-stretch elementor-section-content-middle elementor-section-height-default\" data-id=\"2c762a3\" data-element_type=\"section\" data-e-type=\"section\">\n\t\t\t\t\t\t<div class=\"elementor-container elementor-column-gap-no\">\n\t\t\t\t\t<div class=\"elementor-column elementor-col-50 elementor-top-column elementor-element elementor-element-e3d899a\" data-id=\"e3d899a\" data-element_type=\"column\" data-e-type=\"column\" data-settings=\"{&quot;background_background&quot;:&quot;classic&quot;}\">\n\t\t\t<div class=\"elementor-widget-wrap elementor-element-populated\">\n\t\t\t\t\t\t<div class=\"elementor-element elementor-element-c60d2a1 elementor-invisible elementor-widget elementor-widget-image\" data-id=\"c60d2a1\" data-element_type=\"widget\" data-e-type=\"widget\" data-settings=\"{&quot;_animation&quot;:&quot;fadeIn&quot;}\" data-widget_type=\"image.default\">\n\t\t\t\t<div class=\"elementor-widget-container\">\n\t\t\t\t\t\t\t\t\t\t\t\t\t\t\t<img loading=\"lazy\" decoding=\"async\" loading=\"lazy\" width=\"800\" height=\"534\" src=\"https:\/\/i0.wp.com\/workingmymind.com\/CatharinaKallio\/wp-content\/uploads\/2022\/07\/Catharina-Kallio-Workingmymind-2.jpg?fit=800%2C534&amp;ssl=1\" class=\"attachment-large size-large wp-image-261\" alt=\"Catharina Kallio ty\u00f6kokemus\" srcset=\"https:\/\/i0.wp.com\/workingmymind.com\/CatharinaKallio\/wp-content\/uploads\/2022\/07\/Catharina-Kallio-Workingmymind-2.jpg?w=2048&amp;ssl=1 2048w, https:\/\/i0.wp.com\/workingmymind.com\/CatharinaKallio\/wp-content\/uploads\/2022\/07\/Catharina-Kallio-Workingmymind-2.jpg?resize=300%2C200&amp;ssl=1 300w, https:\/\/i0.wp.com\/workingmymind.com\/CatharinaKallio\/wp-content\/uploads\/2022\/07\/Catharina-Kallio-Workingmymind-2.jpg?resize=1024%2C683&amp;ssl=1 1024w, https:\/\/i0.wp.com\/workingmymind.com\/CatharinaKallio\/wp-content\/uploads\/2022\/07\/Catharina-Kallio-Workingmymind-2.jpg?resize=768%2C512&amp;ssl=1 768w, https:\/\/i0.wp.com\/workingmymind.com\/CatharinaKallio\/wp-content\/uploads\/2022\/07\/Catharina-Kallio-Workingmymind-2.jpg?resize=1536%2C1024&amp;ssl=1 1536w, https:\/\/i0.wp.com\/workingmymind.com\/CatharinaKallio\/wp-content\/uploads\/2022\/07\/Catharina-Kallio-Workingmymind-2.jpg?w=1600&amp;ssl=1 1600w\" sizes=\"auto, (max-width: 800px) 100vw, 800px\" \/>\t\t\t\t\t\t\t\t\t\t\t\t\t\t\t<\/div>\n\t\t\t\t<\/div>\n\t\t\t\t\t<\/div>\n\t\t<\/div>\n\t\t\t\t<div class=\"elementor-column elementor-col-50 elementor-top-column elementor-element elementor-element-f50d69a\" data-id=\"f50d69a\" data-element_type=\"column\" data-e-type=\"column\">\n\t\t\t<div class=\"elementor-widget-wrap elementor-element-populated\">\n\t\t\t\t\t\t<div class=\"elementor-element elementor-element-088f827 elementor-widget elementor-widget-spacer\" data-id=\"088f827\" data-element_type=\"widget\" data-e-type=\"widget\" data-widget_type=\"spacer.default\">\n\t\t\t\t<div class=\"elementor-widget-container\">\n\t\t\t\t\t\t\t<div class=\"elementor-spacer\">\n\t\t\t<div class=\"elementor-spacer-inner\"><\/div>\n\t\t<\/div>\n\t\t\t\t\t\t<\/div>\n\t\t\t\t<\/div>\n\t\t\t\t<div class=\"elementor-element elementor-element-b55ab09 elementor-invisible elementor-widget elementor-widget-heading\" data-id=\"b55ab09\" data-element_type=\"widget\" data-e-type=\"widget\" data-settings=\"{&quot;_animation&quot;:&quot;fadeIn&quot;,&quot;_animation_delay&quot;:&quot;200&quot;}\" data-widget_type=\"heading.default\">\n\t\t\t\t<div class=\"elementor-widget-container\">\n\t\t\t\t\t<h2 class=\"elementor-heading-title elementor-size-default\">Ty\u00f6tausta<\/h2>\t\t\t\t<\/div>\n\t\t\t\t<\/div>\n\t\t\t\t<div class=\"elementor-element elementor-element-73f94f9 elementor-invisible elementor-widget elementor-widget-heading\" data-id=\"73f94f9\" data-element_type=\"widget\" data-e-type=\"widget\" data-settings=\"{&quot;_animation&quot;:&quot;fadeIn&quot;,&quot;_animation_delay&quot;:&quot;200&quot;}\" data-widget_type=\"heading.default\">\n\t\t\t\t<div class=\"elementor-widget-container\">\n\t\t\t\t\t<h6 class=\"elementor-heading-title elementor-size-default\">Catharina Kallio<\/h6>\t\t\t\t<\/div>\n\t\t\t\t<\/div>\n\t\t\t\t<div class=\"elementor-element elementor-element-a31ab49 elementor-widget-divider--view-line elementor-widget elementor-widget-divider\" data-id=\"a31ab49\" data-element_type=\"widget\" data-e-type=\"widget\" data-widget_type=\"divider.default\">\n\t\t\t\t<div class=\"elementor-widget-container\">\n\t\t\t\t\t\t\t<div class=\"elementor-divider\">\n\t\t\t<span class=\"elementor-divider-separator\">\n\t\t\t\t\t\t<\/span>\n\t\t<\/div>\n\t\t\t\t\t\t<\/div>\n\t\t\t\t<\/div>\n\t\t\t\t<div class=\"elementor-element elementor-element-35ba135 elementor-widget elementor-widget-text-editor\" data-id=\"35ba135\" data-element_type=\"widget\" data-e-type=\"widget\" data-widget_type=\"text-editor.default\">\n\t\t\t\t<div class=\"elementor-widget-container\">\n\t\t\t\t\t\t\t\t\t<p>Aloitin varsinaisen urani <b>toiminnanjohtajan<\/b> teht\u00e4viss\u00e4. Roolissa vastasin kokonaisuuden py\u00f6ritt\u00e4misest\u00e4 ja toiminnan kehitt\u00e4misest\u00e4. Toiminnanjohtajana nuorisoj\u00e4rjest\u00f6ss\u00e4 suunnittelin ja vastasin kursseista, koulutuksista, EU-hankkeista, budjetoimisesta, myynnist\u00e4- ja markkinoinnista.<\/p><p>Hoitovapaalla ollessani <b>perustin ensimm\u00e4isen yritykseni<\/b>, jota py\u00f6ritin sivutoimisesti yhteens\u00e4 noin seitsem\u00e4n vuotta. Yrityksen rakentaminen oli mielenkiintoista ja sain oppia paljon mm tuotemyynnist\u00e4 ja markkinoinnista.<\/p><p>Eilakaislalla ja MPS Yhti\u00f6iss\u00e4 olen <b>konsulttina saanut toimia n\u00e4k\u00f6alapaikalla asiakasrajapinnassa<\/b>. Yli vuosikymmenen ajan olen laaja-alaisesti myynyt ja toteuttanut henkil\u00f6st\u00f6alan palveluja. Pitk\u00e4t asiakassuhteet ovat mahdollistaneet kulkemisen asiakkaan kanssa kohti tavoitetta.\u00a0<\/p><p>Oli sitten kyse henkil\u00f6st\u00f6n vuokrauksesta, rekrytoinnista, suorahauista, sis\u00e4isist\u00e4 arvioinneista, johtoryhm\u00e4n tai esihenkil\u00f6iden valmennuksista, coachingista tai joskus my\u00f6s irtisanomistilanteisiin liittyvist\u00e4 valmennuksista joko j\u00e4\u00e4v\u00e4lle tai l\u00e4htev\u00e4lle henkil\u00f6st\u00f6lle. Olen n\u00e4iss\u00e4 pysynyt auttamaan asiakasta.<\/p><p>Nyt toimin <b>yritt\u00e4j\u00e4n\u00e4,\u00a0<\/b>palvellen asiakkaita sill\u00e4 osaamisella, mit\u00e4 olen konsultin teht\u00e4v\u00e4ss\u00e4 ja vuosien varrella ker\u00e4nnyt. Teen my\u00f6s yhteysty\u00f6t\u00e4 mm kansainv\u00e4lisesti toimivan SHL:n kanssa, miss\u00e4 fokuksessa ovat psykometriset testaukset.<\/p>\t\t\t\t\t\t\t\t<\/div>\n\t\t\t\t<\/div>\n\t\t\t\t<div class=\"elementor-element elementor-element-c957a0b elementor-widget elementor-widget-spacer\" data-id=\"c957a0b\" data-element_type=\"widget\" data-e-type=\"widget\" data-widget_type=\"spacer.default\">\n\t\t\t\t<div class=\"elementor-widget-container\">\n\t\t\t\t\t\t\t<div class=\"elementor-spacer\">\n\t\t\t<div class=\"elementor-spacer-inner\"><\/div>\n\t\t<\/div>\n\t\t\t\t\t\t<\/div>\n\t\t\t\t<\/div>\n\t\t\t\t\t<\/div>\n\t\t<\/div>\n\t\t\t\t\t<\/div>\n\t\t<\/section>\n\t\t\t\t<section class=\"elementor-section elementor-top-section elementor-element elementor-element-7ef61db elementor-section-full_width elementor-section-height-min-height elementor-section-items-stretch elementor-section-content-middle elementor-section-height-default\" data-id=\"7ef61db\" data-element_type=\"section\" data-e-type=\"section\" data-settings=\"{&quot;background_background&quot;:&quot;classic&quot;}\">\n\t\t\t\t\t\t<div class=\"elementor-container elementor-column-gap-no\">\n\t\t\t\t\t<div class=\"elementor-column elementor-col-50 elementor-top-column elementor-element elementor-element-b1cd55a\" data-id=\"b1cd55a\" data-element_type=\"column\" data-e-type=\"column\" data-settings=\"{&quot;background_background&quot;:&quot;classic&quot;}\">\n\t\t\t<div class=\"elementor-widget-wrap elementor-element-populated\">\n\t\t\t\t\t\t<div class=\"elementor-element elementor-element-f1140e7 elementor-invisible elementor-widget elementor-widget-image\" data-id=\"f1140e7\" data-element_type=\"widget\" data-e-type=\"widget\" data-settings=\"{&quot;_animation&quot;:&quot;fadeIn&quot;}\" data-widget_type=\"image.default\">\n\t\t\t\t<div class=\"elementor-widget-container\">\n\t\t\t\t\t\t\t\t\t\t\t\t\t\t\t<img loading=\"lazy\" decoding=\"async\" loading=\"lazy\" width=\"800\" height=\"534\" src=\"https:\/\/i0.wp.com\/workingmymind.com\/CatharinaKallio\/wp-content\/uploads\/2022\/07\/Catharina-Workingmymind.jpg?fit=800%2C534&amp;ssl=1\" class=\"attachment-large size-large wp-image-262\" alt=\"Catharina Kallio koulutus\" srcset=\"https:\/\/i0.wp.com\/workingmymind.com\/CatharinaKallio\/wp-content\/uploads\/2022\/07\/Catharina-Workingmymind.jpg?w=2048&amp;ssl=1 2048w, https:\/\/i0.wp.com\/workingmymind.com\/CatharinaKallio\/wp-content\/uploads\/2022\/07\/Catharina-Workingmymind.jpg?resize=300%2C200&amp;ssl=1 300w, https:\/\/i0.wp.com\/workingmymind.com\/CatharinaKallio\/wp-content\/uploads\/2022\/07\/Catharina-Workingmymind.jpg?resize=1024%2C683&amp;ssl=1 1024w, https:\/\/i0.wp.com\/workingmymind.com\/CatharinaKallio\/wp-content\/uploads\/2022\/07\/Catharina-Workingmymind.jpg?resize=768%2C512&amp;ssl=1 768w, https:\/\/i0.wp.com\/workingmymind.com\/CatharinaKallio\/wp-content\/uploads\/2022\/07\/Catharina-Workingmymind.jpg?resize=1536%2C1024&amp;ssl=1 1536w, https:\/\/i0.wp.com\/workingmymind.com\/CatharinaKallio\/wp-content\/uploads\/2022\/07\/Catharina-Workingmymind.jpg?w=1600&amp;ssl=1 1600w\" sizes=\"auto, (max-width: 800px) 100vw, 800px\" \/>\t\t\t\t\t\t\t\t\t\t\t\t\t\t\t<\/div>\n\t\t\t\t<\/div>\n\t\t\t\t\t<\/div>\n\t\t<\/div>\n\t\t\t\t<div class=\"elementor-column elementor-col-50 elementor-top-column elementor-element elementor-element-f3ab7d6\" data-id=\"f3ab7d6\" data-element_type=\"column\" data-e-type=\"column\">\n\t\t\t<div class=\"elementor-widget-wrap elementor-element-populated\">\n\t\t\t\t\t\t<div class=\"elementor-element elementor-element-4f92649 elementor-widget elementor-widget-spacer\" data-id=\"4f92649\" data-element_type=\"widget\" data-e-type=\"widget\" data-widget_type=\"spacer.default\">\n\t\t\t\t<div class=\"elementor-widget-container\">\n\t\t\t\t\t\t\t<div class=\"elementor-spacer\">\n\t\t\t<div class=\"elementor-spacer-inner\"><\/div>\n\t\t<\/div>\n\t\t\t\t\t\t<\/div>\n\t\t\t\t<\/div>\n\t\t\t\t<div class=\"elementor-element elementor-element-76d9679 elementor-invisible elementor-widget elementor-widget-heading\" data-id=\"76d9679\" data-element_type=\"widget\" data-e-type=\"widget\" data-settings=\"{&quot;_animation&quot;:&quot;fadeIn&quot;,&quot;_animation_delay&quot;:&quot;200&quot;}\" data-widget_type=\"heading.default\">\n\t\t\t\t<div class=\"elementor-widget-container\">\n\t\t\t\t\t<h2 class=\"elementor-heading-title elementor-size-default\">Koulutus ja el\u00e4m\u00e4nasenne<\/h2>\t\t\t\t<\/div>\n\t\t\t\t<\/div>\n\t\t\t\t<div class=\"elementor-element elementor-element-2d7e682 elementor-invisible elementor-widget elementor-widget-heading\" data-id=\"2d7e682\" data-element_type=\"widget\" data-e-type=\"widget\" data-settings=\"{&quot;_animation&quot;:&quot;fadeIn&quot;,&quot;_animation_delay&quot;:&quot;200&quot;}\" data-widget_type=\"heading.default\">\n\t\t\t\t<div class=\"elementor-widget-container\">\n\t\t\t\t\t<h6 class=\"elementor-heading-title elementor-size-default\">Catharina Kallio<\/h6>\t\t\t\t<\/div>\n\t\t\t\t<\/div>\n\t\t\t\t<div class=\"elementor-element elementor-element-bbeb61c elementor-widget-divider--view-line elementor-widget elementor-widget-divider\" data-id=\"bbeb61c\" data-element_type=\"widget\" data-e-type=\"widget\" data-widget_type=\"divider.default\">\n\t\t\t\t<div class=\"elementor-widget-container\">\n\t\t\t\t\t\t\t<div class=\"elementor-divider\">\n\t\t\t<span class=\"elementor-divider-separator\">\n\t\t\t\t\t\t<\/span>\n\t\t<\/div>\n\t\t\t\t\t\t<\/div>\n\t\t\t\t<\/div>\n\t\t\t\t<div class=\"elementor-element elementor-element-44ec39a elementor-widget elementor-widget-text-editor\" data-id=\"44ec39a\" data-element_type=\"widget\" data-e-type=\"widget\" data-widget_type=\"text-editor.default\">\n\t\t\t\t<div class=\"elementor-widget-container\">\n\t\t\t\t\t\t\t\t\t<p>Koulutukseltani olen etnologi (\u00c5bo Akademi, 2002). Etnologiassa keskityt\u00e4\u00e4n ihmisyhteis\u00f6n henkisen ja aineellisen kulttuurin tutkimiseen. Olen aina ollut kiinnostunut ihmisest\u00e4, h\u00e4nen toiminnasta ja mielest\u00e4.\u00a0<\/p><p>Olenkin yliopistossa opiskellut kokonaisuuksia kuten organisaation johtamista, kasvatustiedett\u00e4, informaatiotiedett\u00e4, ty\u00f6- ja organisaatiopsykologiaa sek\u00e4 mm neurotiedett\u00e4 MIT-Sloanissa.<\/p><p>Kehittyj\u00e4n\u00e4 tykk\u00e4\u00e4n kuunnella erilaisia podcasteja ja tedtalkeja tai lukea kirjoja liittyen aivojen toimintaan, oman el\u00e4m\u00e4n kehitt\u00e4miseen, neuropsykologiaan, yritysjohtamiseen, yrityskulttuuriin, markkinointiin sek\u00e4 yritt\u00e4jyyteen ja sijoittamiseen.<\/p><p>Olen is\u00e4lt\u00e4ni oppinut, ett\u00e4 kukaan ei ole sepp\u00e4 syntyess\u00e4\u00e4n ja rohkeasti yritt\u00e4m\u00e4ll\u00e4 oppii sen, mit\u00e4 haluaa (vaikka ainakin oma mieli pist\u00e4\u00e4 v\u00e4lill\u00e4 todella kovaa hanttiin). K\u00e4sill\u00e4 tekeminen tyhjent\u00e4\u00e4 aivoja ja tykk\u00e4\u00e4n esimerkiksi rakentaa terasseja, remontoida, entis\u00f6id\u00e4 huonekaluja, maalata ja ommella.<\/p><p>Nautin luonnosta, k\u00e4sill\u00e4 tekemisest\u00e4, liikkumisesta ja aivojeni sek\u00e4 itseni kehitt\u00e4misest\u00e4. Nollaan aivoja esimerkiksi puita tekem\u00e4ll\u00e4 tai luomalla jotain k\u00e4sill\u00e4 sek\u00e4 p\u00e4ivitt\u00e4isill\u00e4 meditaatiohetkill\u00e4.<\/p><p>Olen ymm\u00e4rt\u00e4nyt, ett\u00e4 kehittymiseen tarvitaan tietoa\u00a0 mutta ennen kaikkea omien aivojen (mielen) ymm\u00e4rt\u00e4mist\u00e4. Kun alkaa kiinnitt\u00e4\u00e4 huomiota siihen, miten ajattelee maailmasta, itsest\u00e4 ja mahdollisuuksista ymm\u00e4rt\u00e4\u00e4, miten paljon itse\u00e4\u00e4n est\u00e4\u00e4 menestym\u00e4st\u00e4.<\/p><p>T\u00e4m\u00e4n olen n\u00e4hnyt paitsi itsess\u00e4ni my\u00f6s kouluttaessani, valmentaessani ja haastatellessani henkil\u00f6it\u00e4. Potentiaalin l\u00f6yt\u00e4minen, sen valjastaminen ja k\u00e4ytt\u00e4minen on jatkuvaa prosessia.\u00a0<\/p>\t\t\t\t\t\t\t\t<\/div>\n\t\t\t\t<\/div>\n\t\t\t\t<div class=\"elementor-element elementor-element-821c07c elementor-widget elementor-widget-spacer\" data-id=\"821c07c\" data-element_type=\"widget\" data-e-type=\"widget\" data-widget_type=\"spacer.default\">\n\t\t\t\t<div class=\"elementor-widget-container\">\n\t\t\t\t\t\t\t<div class=\"elementor-spacer\">\n\t\t\t<div class=\"elementor-spacer-inner\"><\/div>\n\t\t<\/div>\n\t\t\t\t\t\t<\/div>\n\t\t\t\t<\/div>\n\t\t\t\t\t<\/div>\n\t\t<\/div>\n\t\t\t\t\t<\/div>\n\t\t<\/section>\n\t\t\t\t<section class=\"elementor-section elementor-top-section elementor-element elementor-element-31137d12 elementor-section-full_width elementor-section-height-min-height elementor-section-items-stretch elementor-section-content-middle elementor-section-height-default\" data-id=\"31137d12\" data-element_type=\"section\" data-e-type=\"section\">\n\t\t\t\t\t\t<div class=\"elementor-container elementor-column-gap-no\">\n\t\t\t\t\t<div class=\"elementor-column elementor-col-50 elementor-top-column elementor-element elementor-element-50b03d91\" data-id=\"50b03d91\" data-element_type=\"column\" data-e-type=\"column\" data-settings=\"{&quot;background_background&quot;:&quot;classic&quot;}\">\n\t\t\t<div class=\"elementor-widget-wrap elementor-element-populated\">\n\t\t\t\t\t\t<div class=\"elementor-element elementor-element-196e2837 elementor-invisible elementor-widget elementor-widget-image\" data-id=\"196e2837\" data-element_type=\"widget\" data-e-type=\"widget\" data-settings=\"{&quot;_animation&quot;:&quot;fadeIn&quot;}\" data-widget_type=\"image.default\">\n\t\t\t\t<div class=\"elementor-widget-container\">\n\t\t\t\t\t\t\t\t\t\t\t\t\t\t\t<img loading=\"lazy\" decoding=\"async\" loading=\"lazy\" width=\"396\" height=\"640\" src=\"https:\/\/i0.wp.com\/workingmymind.com\/CatharinaKallio\/wp-content\/uploads\/2022\/07\/maltabild.jpg?fit=396%2C640&amp;ssl=1\" class=\"attachment-large size-large wp-image-263\" alt=\"Catharina Kallio\" srcset=\"https:\/\/i0.wp.com\/workingmymind.com\/CatharinaKallio\/wp-content\/uploads\/2022\/07\/maltabild.jpg?w=396&amp;ssl=1 396w, https:\/\/i0.wp.com\/workingmymind.com\/CatharinaKallio\/wp-content\/uploads\/2022\/07\/maltabild.jpg?resize=186%2C300&amp;ssl=1 186w\" sizes=\"auto, (max-width: 396px) 100vw, 396px\" \/>\t\t\t\t\t\t\t\t\t\t\t\t\t\t\t<\/div>\n\t\t\t\t<\/div>\n\t\t\t\t\t<\/div>\n\t\t<\/div>\n\t\t\t\t<div class=\"elementor-column elementor-col-50 elementor-top-column elementor-element elementor-element-4b2e33aa\" data-id=\"4b2e33aa\" data-element_type=\"column\" data-e-type=\"column\">\n\t\t\t<div class=\"elementor-widget-wrap elementor-element-populated\">\n\t\t\t\t\t\t<div class=\"elementor-element elementor-element-19c2499 elementor-invisible elementor-widget elementor-widget-heading\" data-id=\"19c2499\" data-element_type=\"widget\" data-e-type=\"widget\" data-settings=\"{&quot;_animation&quot;:&quot;fadeIn&quot;,&quot;_animation_delay&quot;:&quot;200&quot;}\" data-widget_type=\"heading.default\">\n\t\t\t\t<div class=\"elementor-widget-container\">\n\t\t\t\t\t<h2 class=\"elementor-heading-title elementor-size-default\">vapaalla<\/h2>\t\t\t\t<\/div>\n\t\t\t\t<\/div>\n\t\t\t\t<div class=\"elementor-element elementor-element-470359a8 elementor-invisible elementor-widget elementor-widget-heading\" data-id=\"470359a8\" data-element_type=\"widget\" data-e-type=\"widget\" data-settings=\"{&quot;_animation&quot;:&quot;fadeIn&quot;,&quot;_animation_delay&quot;:&quot;200&quot;}\" data-widget_type=\"heading.default\">\n\t\t\t\t<div class=\"elementor-widget-container\">\n\t\t\t\t\t<h6 class=\"elementor-heading-title elementor-size-default\">Catharina Kallio<\/h6>\t\t\t\t<\/div>\n\t\t\t\t<\/div>\n\t\t\t\t<div class=\"elementor-element elementor-element-3cbc88d elementor-widget-divider--view-line elementor-widget elementor-widget-divider\" data-id=\"3cbc88d\" data-element_type=\"widget\" data-e-type=\"widget\" data-widget_type=\"divider.default\">\n\t\t\t\t<div class=\"elementor-widget-container\">\n\t\t\t\t\t\t\t<div class=\"elementor-divider\">\n\t\t\t<span class=\"elementor-divider-separator\">\n\t\t\t\t\t\t<\/span>\n\t\t<\/div>\n\t\t\t\t\t\t<\/div>\n\t\t\t\t<\/div>\n\t\t\t\t<div class=\"elementor-element elementor-element-82baab7 elementor-widget__width-initial elementor-widget elementor-widget-text-editor\" data-id=\"82baab7\" data-element_type=\"widget\" data-e-type=\"widget\" data-widget_type=\"text-editor.default\">\n\t\t\t\t<div class=\"elementor-widget-container\">\n\t\t\t\t\t\t\t\t\t<p>Mit\u00e4 paremmin ymm\u00e4rr\u00e4n aivojen toimintaa ja itse\u00e4ni ihmisen\u00e4, sit\u00e4 enemm\u00e4n kiinnit\u00e4n huomiota omaan hyvinvointiini.\u00a0<\/p><p>Koska haluan k\u00e4ytt\u00e4\u00e4 erityisherkkyytt\u00e4ni supervoimana se edellytt\u00e4\u00e4, ett\u00e4 tarkasti kuuntelen omaa vointiani, etten kuormittumisen takia ala voida huonosti.\u00a0<\/p><p>Pyrin my\u00f6s haastamaan itse\u00e4ni, kaivamaan esille kyky\u00e4 ja potentiaalia, mik\u00e4 kaikkinensa vaatii melkoista tasapainoilua. Ilman hyvinvointia en pysty kehittym\u00e4\u00e4n ja antamaan parastani.\u00a0<\/p><p>Toimin yritt\u00e4j\u00e4n\u00e4 sek\u00e4 osake- ja asuntosijoittajana.<\/p>\t\t\t\t\t\t\t\t<\/div>\n\t\t\t\t<\/div>\n\t\t\t\t<div class=\"elementor-element elementor-element-6dc110a elementor-widget elementor-widget-spacer\" data-id=\"6dc110a\" data-element_type=\"widget\" data-e-type=\"widget\" data-widget_type=\"spacer.default\">\n\t\t\t\t<div class=\"elementor-widget-container\">\n\t\t\t\t\t\t\t<div class=\"elementor-spacer\">\n\t\t\t<div class=\"elementor-spacer-inner\"><\/div>\n\t\t<\/div>\n\t\t\t\t\t\t<\/div>\n\t\t\t\t<\/div>\n\t\t\t\t\t<\/div>\n\t\t<\/div>\n\t\t\t\t\t<\/div>\n\t\t<\/section>\n\t\t\t\t<\/div>\n\t\t","protected":false},"excerpt":{"rendered":"<p>Ty\u00f6tausta Catharina Kallio Aloitin varsinaisen urani toiminnanjohtajan teht\u00e4viss\u00e4. Roolissa vastasin kokonaisuuden py\u00f6ritt\u00e4misest\u00e4 ja toiminnan kehitt\u00e4misest\u00e4. Toiminnanjohtajana nuorisoj\u00e4rjest\u00f6ss\u00e4 suunnittelin ja vastasin kursseista, koulutuksista, EU-hankkeista, budjetoimisesta, myynnist\u00e4- ja markkinoinnista. Hoitovapaalla ollessani perustin ensimm\u00e4isen yritykseni, jota py\u00f6ritin sivutoimisesti yhteens\u00e4 noin seitsem\u00e4n vuotta. Yrityksen rakentaminen oli mielenkiintoista ja sain oppia paljon mm tuotemyynnist\u00e4 ja markkinoinnista. Eilakaislalla ja MPS Yhti\u00f6iss\u00e4 [&hellip;]<\/p>\n","protected":false},"author":1,"featured_media":0,"parent":0,"menu_order":0,"comment_status":"closed","ping_status":"closed","template":"","meta":{"nf_dc_page":"","om_disable_all_campaigns":false,"_monsterinsights_skip_tracking":false,"_monsterinsights_sitenote_active":false,"_monsterinsights_sitenote_note":"","_monsterinsights_sitenote_category":0,"footnotes":""},"class_list":["post-257","page","type-page","status-publish","hentry"],"jetpack_sharing_enabled":true,"_links":{"self":[{"href":"https:\/\/workingmymind.com\/CatharinaKallio\/wp-json\/wp\/v2\/pages\/257","targetHints":{"allow":["GET"]}}],"collection":[{"href":"https:\/\/workingmymind.com\/CatharinaKallio\/wp-json\/wp\/v2\/pages"}],"about":[{"href":"https:\/\/workingmymind.com\/CatharinaKallio\/wp-json\/wp\/v2\/types\/page"}],"author":[{"embeddable":true,"href":"https:\/\/workingmymind.com\/CatharinaKallio\/wp-json\/wp\/v2\/users\/1"}],"replies":[{"embeddable":true,"href":"https:\/\/workingmymind.com\/CatharinaKallio\/wp-json\/wp\/v2\/comments?post=257"}],"version-history":[{"count":5,"href":"https:\/\/workingmymind.com\/CatharinaKallio\/wp-json\/wp\/v2\/pages\/257\/revisions"}],"predecessor-version":[{"id":799,"href":"https:\/\/workingmymind.com\/CatharinaKallio\/wp-json\/wp\/v2\/pages\/257\/revisions\/799"}],"wp:attachment":[{"href":"https:\/\/workingmymind.com\/CatharinaKallio\/wp-json\/wp\/v2\/media?parent=257"}],"curies":[{"name":"wp","href":"https:\/\/api.w.org\/{rel}","templated":true}]}}